ors of h.
7, 53
Let p(m) = -5165*m - 5816. What are the prime factors of p(-8)?
2, 7, 317
Let a be 521*(0 - (6 + -23)). Suppose -24*y = -7*y - a. List the prime factors of y.
521
Let a(l) = l**2 + 11*l - 13. Let q be a(-9). Let v = q + 39. Suppose 0 = v*w - 4*w - 416. What are the prime factors of w?
2, 13
Suppose z - g = -159, z + g - 4*g = -163. Let f = z + 23. Let y = f - -216. What are the prime factors of y?
2, 41
Let g(c) = -2*c + 13. Let i be g(11). Let p(f) = f**3 + 9*f**2 - 7*f - 9. Let o be p(i). Suppose 298 = 3*u - 2*d + o, u - 4*d = 88. List the prime factors of u.
2, 5
Suppose -1450 = 39*d + 1592. List the prime factors of (d/65)/((-6)/5350).
2, 5, 107
List the prime factors of (1715/3)/((-1180)/(-1416)).
2, 7
Suppose 42*f - 2*k = 39*f + 16042, 0 = -5*f - 4*k + 26744. List the prime factors of f.
2, 7, 191
Suppose 20 = 4*x - 2*y, 5*x - 15 = -5*y + 10. Suppose 0*m - 575 = -4*m + s, m - 139 = x*s. List the prime factors of m.
2, 3
Let c(w) be the third derivative of -7*w**6/120 + w**5/60 + w**4/3 + 4*w**3/3 - w**2 - 8. What are the prime factors of c(-4)?
2, 5, 11
Suppose 71115 = 5*n - 5*j, -2*n - 64*j + 28437 = -69*j. What are the prime factors of n?
2, 3, 2371
Let c be (-4)/14 - 39/21*-271. Suppose -13*z = -1681 - c. What are the prime factors of z?
2, 3, 7
Let v(d) = 949*d + 432. What are the prime factors of v(8)?
2, 17, 59
Let b be 47/(-94) + 2/(8/6). Let j be b*8/(8 - 4). Suppose 4*t + 4*l - 34 = 102, 68 = j*t + 4*l. What are the prime factors of t?
2, 17
Let x(d) = -72*d - 42. Let k(v) = -73*v - 36. Let t(z) = 2*k(z) - 3*x(z). What are the prime factors of t(7)?
2, 17
Suppose 16 = -10*y + 14*y. Suppose y*c - 355 = -l, -3*c - 6*l = -l - 262. List the prime factors of c.
89
Let n = -2191 + 3895. Suppose -3*a + 6 = 0, -2*a + 4*a + n = 4*u. List the prime factors of u.
7, 61
Let z = 215 + -200. Suppose z*t - 16*t = -713. List the prime factors of t.
23, 31
Suppose 2*t - 8 - 14 = 0. Suppose -1 = -n - 3*p, 3*n - 28 = 3*p + t. List the prime factors of n*5*1*4/8.
5
Let b(p) = 250*p**2 - 554*p + 2. What are the prime factors of b(7)?
2, 53, 79
Let y(b) = -8*b - 38. Let w be y(-5). Suppose -q - w = 0, -20 = -4*f + 5*q + 66. Suppose 1700 = -9*x + f*x. List the prime factors of x.
2, 5, 17
Suppose 23*b - 8*b - 10935 = 0. Let o = b + -350. What are the prime factors of o?
379
Let p(a) = 579*a**2 + 3*a - 19. What are the prime factors of p(-5)?
7, 2063
Let w = -64264 + 115789. What are the prime factors of w?
3, 5, 229
Suppose 3296*l - 3366*l = -96390. What are the prime factors of l?
3, 17
Let l = 271 + -25. Suppose 0 = l*o - 248*o + 666. What are the prime factors of o?
3, 37
Suppose -2*g = 5*v, -g = 2*v + 4*g + 21. Let o be 0/v + (-1 + 3)*-16. What are the prime factors of (-120)/o*160/6?
2, 5
Let u(m) = -45*m + 11. Suppose 3*d - 2*t = 4, -2*t - 4 = 6. Let b be u(d). Let h = 210 - b. List the prime factors of h.
109
Suppose -7*y + 20*y = -3*y + 47680. What are the prime factors of y?
2, 5, 149
Suppose 5*b = -6 - 4, 5*b + 13 = -r. List the prime factors of 422 - -6 - (r + 9/3).
2, 107
Let i(g) = 5*g**2 + 10*g + 1. Let f be i(-10). Let k(d) = d**2 - 86*d - 1013. Let w be k(-12). Let a = f - w. List the prime factors of a.
2, 7, 17
Let t(m) = -7179*m - 1838. What are the prime factors of t(-3)?
19699
Let p be ((-10800)/(-35))/(1/7). Suppose 9*w = 1440 + p. List the prime factors of w.
2, 5
Suppose -5*v = -3418 + 2908. What are the prime factors of v?
2, 3, 17
Suppose -28739 = -7*u + 298616. What are the prime factors of u?
5, 47, 199
Suppose -24*h - 152*h - 274363 = -2339371. What are the prime factors of h?
3, 3911
Let l be -4 - 1/1 - -3. Let w be ((-3)/l)/(1/4). What are the prime factors of (522/(-12))/(w/(-4))?
29
Let k(s) = 1344*s**2 - 13*s - 4. List the prime factors of k(-3).
7, 1733
Let a(b) = -26*b - 1. Let c be 4*(-12)/(-16) - 2. Let g = c + -3. List the prime factors of a(g).
3, 17
Let i = -203 + -24. Let h = 879 + i. List the prime factors of h.
2, 163
Let g = 17780 + -861. List the prime factors of g.
7, 2417
Suppose 5*v - 4137 = 778. Let b = 92 + v. Suppose 5*q = 5*n + b, -5*q - 325 = 4*n - 1418. What are the prime factors of q?
7, 31
What are the prime factors of -852*(-127)/254*(-236)/(-6)?
2, 59, 71
Suppose 0 = -7*h - 713 - 603. Let j = h + 270. List the prime factors of j.
2, 41
Let c(m) = -7*m + 89. Suppose 38*r + 440 = -130. What are the prime factors of c(r)?
2, 97
Let t = -2313 - -8189. List the prime factors of t.
2, 13, 113
Suppose u = -3*k - 7 - 27, -k = u + 28. Let p = -34 - u. What are the prime factors of 54/8*(p - -17)?
2, 3
Let g(r) = -3*r - 15. Let d be g(-6). Suppose 2*w - 4*x = 1330, w + d*x - 890 = -205. List the prime factors of w.
673
Suppose -3*u - 4*l + 4653 = 0, u = 4*l - l + 1538. Suppose -2*f - 5*z = -u, -7*f + 9*f - 5*z = 1497. List the prime factors of f.
761
Let y = 8028 + -5134. What are the prime factors of y?
2, 1447
Suppose 0 = 34*q - 40*q + 2106. Let p = q - 101. List the prime factors of p.
2, 5
Suppose -5*l = -g + 19350, -l - 15 = -12. List the prime factors of g.
3, 5, 1289
Suppose -153*i + 149*i = -5*q + 4304, 5*i = 4*q - 3445. What are the prime factors of q?
2, 5, 43
Let k = 64342 - 37138. List the prime factors of k.
2, 3, 2267
Let l = 51 + -53. Let x be -1 + 2 + (-1 - l). Suppose 3*b = 2*j + 81, -2*j + 49 + 15 = x*b. List the prime factors of b.
29
Let s = -11705 + 22193. What are the prime factors of s?
2, 3, 19, 23
Let z(w) = -5*w + 16. Let g(n) = -9*n + 33. Let j(b) = 6*g(b) - 13*z(b). Let a be j(5). Suppose -133 = -2*i + a. What are the prime factors of i?
89
Suppose 34*y - 99730 - 295033 = -9373. List the prime factors of y.
5, 2267
Let a(n) = 2*n**2 + 4*n - 6. Let g be a(-5). Let l = g + -36. What are the prime factors of 1/(1 - l/(-14))?
7
Let u be (9 + (-84)/9)*0/(-1). Let v(i) = i**3 + i**2 - 2*i + 4. Let k be v(6). Suppose u = -6*r + 2*r + k. List the prime factors of r.
61
Let t(k) be the first derivative of 7*k**3/3 + 4*k**2 + k - 5. Let z(x) be the first derivative of t(x). List the prime factors of z(2).
2, 3
Let o(h) = -h + 6. Let d be o(-6). Suppose -d*n + 7*n + 20 = 0. Suppose 3*v - 45 = -n*p, -5*v = -p + 6*p - 75. List the prime factors of v.
3, 5
Let t(d) = -d**3 + 11*d**2 + 11*d + 14. Let n be t(12). Suppose 5*h + 2*x = 23, n*x - 7 = -h + x. List the prime factors of (66 - 1) + -4 - h.
2, 29
Let v(k) = 2*k**3 - 7*k**2 + 8*k - 5. Let i be v(8). Suppose 5*z + i = -4*s, -z + 2*s - 359 = 2*z. List the prime factors of (z + 1)*(-3)/6.
61
Let x(r) = -5*r**3 - r**2 - r - 1. Let p be x(-1). Let k(g) = 60*g - 9. Let u be k(p). Let l = u + -124. List the prime factors of l.
107
Let d(h) = -h**2 + 10*h + 26. Let k be d(14). Let w be (k/4)/(1/2)*2. What are the prime factors of 5/w + (-1803)/(-18)?
2, 5
Let m = -2 - -7. Let p(c) = -3*c**3 + 15*c - 27. Let g be p(-5). Suppose -2*h + g = x, 7*h + 269 = x + m*h. What are the prime factors of x?
271
Let a be ((-1)/5 - -1)*30/12. Suppose -4*g = 2*w - 5*w + 8, -g = -4*w + a. List the prime factors of 3 + 79 - (g - 0).
2, 3, 7
Suppose -3*m + 9*r - 4*r + 16 = 0, 2*m + 2*r = 0. Suppose 2*t = 2*t - m*t. Suppose 0 = -t*z + 8*z - 376. List the prime factors of z.
47
What are the prime factors of -10 + (77790 - (60/5 - 23))?
7, 11113
Suppose 0 = -9*x + 10*x + 3*k + 13, 0 = -4*k - 20. Suppose -s + 54 = -3*b + 4*b, -4*b + x*s + 228 = 0. List the prime factors of (b/70)/(2/155).
2, 31
Let t(n) = -7*n - 5. Let y be (8 + 1)*(-99)/(-27). Let v = 20 - y. List the prime factors of t(v).
2, 43
Let h(p) = 9*p**2 + 33*p + 53. Let u(j) be the first derivative of -j**3 - 11*j**2/2 - 18*j + 12. Let m(s) = 3*h(s) + 8*u(s). List the prime factors of m(-8).
7, 17
What are the prime factors of 943426/(-66)*(16 - 22)?
2, 19, 37, 61
Let x(j) = -64*j + 2. Let i(l) = 63*l - 2. Let z(s) = 7*i(s) + 6*x(s). Let d be z(1). Suppose -g + 10 = -d. What are the prime factors of g?
5, 13
Suppose 32705 = 174*j - 153*j - 144997. List the prime factors of j.
2, 4231
Let l be ((-81)/18)/((-2)/(-4)). Let c(i) = 88 - 184 + 12*i + 74 + 3*i**2. List the prime factors of c(l).
113
Let z(t) = 13*t + 279. Let p be z(-32). Let d = p + 667. List the prime factors of d.
2, 5, 53
Let a(x) = 96*x**2 + 24. Let p be a(5). Suppose -4*m = 4*q - p, -3*m = -2*m - 2*q - 615. Let g = m 